 h(j) = j**3 - 2*j**2 - 16*j - 8. What is h(7)?
125
Let o(u) = -16*u**2 - 197*u - 498. Give o(-9).
-21
Let v(u) = 15*u**3 + 32*u**2 - 29*u - 3. What is v(1)?
15
Let g(s) = 183*s - 41. Determine g(1).
142
Let h(m) = 13*m - 787. What is h(61)?
6
Let d(a) = -4*a + 55. Determine d(10).
15
Let w(g) = -g**2 - 66*g - 1842. What is w(-36)?
-762
Let s(k) = -86*k + 38. Determine s(2).
-134
Let x(c) = -5*c**2 - 114*c + 479. Give x(4).
-57
Let d(y) = 2*y**3 + 51*y**2 + 27*y + 48. Give d(-25).
-2
Let d(v) = 60*v + 387. Calculate d(-8).
-93
Let r(h) = 5*h**2 - 25*h - 22. What is r(7)?
48
Let y(s) = 6*s - 16. Give y(9).
38
Let k(r) = -r**3 + 79*r**2 - 77*r + 166. Calculate k(78).
244
Let q(o) = 18*o - 103. Calculate q(6).
5
Let l(a) = -6*a - 91. Determine l(-14).
-7
Let f(t) = t**2 + 7*t - 40. Give f(5).
20
Let v(i) = 18*i. Give v(0).
0
Let p(w) = 1350*w + 8108. What is p(-6)?
8
Let u(a) = 44*a - 1516. Determine u(35).
24
Let k(g) = -138*g - 944. Determine k(-6).
-116
Let f(h) = -6947*h - 20831. Give f(-3).
10
Let t(l) = -l**3 - 87*l**2 + 96*l + 711. What is t(-88)?
7
Let a(s) = s**3 + 2*s**2 - 94*s - 54. Calculate a(9).
-9
Let j(l) = 10*l + 99. Give j(12).
219
Let k(d) = 118*d - 1061. Calculate k(9).
1
Let b(i) = i**3 + 7*i**2 - 108*i - 892. Give b(-9).
-82
Let q(a) = -a**3 - 9*a**2 - 47*a - 432. Calculate q(-9).
-9
Let l(b) = 3*b**2 + 172*b + 534. Give l(-54).
-6
Let s(z) = 2307*z - 6889. What is s(3)?
32
Let u(x) = 66*x + 62. Give u(-1).
-4
Let h(z) = 22*z**3 + 2594*z**2 - 235*z + 109. Give h(-118).
-9
Let g(x) = -5*x**2 - 942*x - 4599. Calculate g(-5).
-14
Let a(m) = m**3 - 3*m**2 - 10*m + 2. What is a(0)?
2
Let p(a) = -2*a**3 + 27*a**2 + 18*a - 82. Calculate p(14).
-26
Let q(s) = -3*s + 127. What is q(35)?
22
Let j(y) = -y**3 - 26*y**2 - 49*y + 121. What is j(-22)?
-737
Let q(g) = 14*g**3 - 182*g**2 + 2*g - 13. What is q(13)?
13
Let b(q) = 444*q - 3545. What is b(8)?
7
Let g(s) = -s**2 + 90*s - 887. Calculate g(79).
-18
Let z(q) = -247*q - 164. Determine z(-2).
330
Let j(w) = -11*w**3 - 30*w**2 + 12*w. What is j(-3)?
-9
Let a(v) = 4*v**2 + 89*v - 912. What is a(9)?
213
Let k(p) = p**3 - 37*p**2 + 38*p - 2894. Calculate k(38).
-6
Let l(u) = 32*u + 164. Calculate l(-12).
-220
Let k(f) = 12*f - 43. Determine k(-8).
-139
Let r(v) = v**2 + 29*v + 57. Calculate r(-19).
-133
Let i(x) = 45*x - 1189. What is i(26)?
-19
Let a(n) = -3277*n + 32770. Calculate a(10).
0
Let h(y) = -2*y**2 - 34*y + 113. Calculate h(5).
-107
Let r(x) = -20*x + 416. Calculate r(24).
-64
Let h(m) = -m**2 - 31*m - 216. Calculate h(-13).
18
Let w(u) = -1976*u - 21729. What is w(-11)?
7
Let a(d) = d**3 - 90*d**2 + 15*d - 1358. Calculate a(90).
-8
Let a(x) = x**3 - 23*x + 77. Calculate a(8).
405
Let b(r) = -4*r**3 + 12*r**2 - 26*r + 53. What is b(4)?
-115
Let v(a) = 4*a**2 + 30*a - 44. Calculate v(-10).
56
Let u(w) = -507*w - 82140. Calculate u(-162).
-6
Let j(s) = -2*s**3 + 92*s**2 + 293*s + 48. Determine j(49).
-1
Let v(k) = 5*k**2 + 47*k - 314. What is v(-14)?
8
Let h(o) = o**2 - 1560*o - 42856. Give h(-27).
-7
Let v(w) = -49*w**2 - 535*w + 50. Calculate v(-11).
6
Let m(o) = 14*o**3 - 96*o**2 + 82*o - 1. Give m(1).
-1
Let q(d) = d**3 + 44*d**2 + 81*d - 87. Calculate q(-42).
39
Let x(r) = r**2 - 7*r + 22. Calculate x(3).
10
Let w(f) = 2*f**3 - 57*f**2 - 819*f + 1. Determine w(39).
1
Let w(t) = -3*t**2 + 7*t + 4. Calculate w(2).
6
Let j(m) = m**3 - 12*m**2 - 484*m + 2069. Calculate j(4).
5
Let w(s) = 2*s**2 - 4*s + 96. Give w(0).
96
Let a(m) = -m**3 - 43*m**2 + 87*m - 148. Calculate a(-45).
-13
Let n(s) = -1097*s + 7684. Calculate n(7).
5
Let c(n) = -82*n + 4251. Determine c(52).
-13
Let s(z) = 69*z**2 - z + 10. What is s(-2)?
288
Let a(u) = -27*u - 478. Give a(-16).
-46
Let q(w) = -w**2 - 32*w - 252. What is q(-10)?
-32
Let l(p) = -588*p - 29331. Determine l(-50).
69
Let c(i) = -40*i - 3196. What is c(-80)?
4
Let v(t) = -2*t**2 - 43*t - 303. Calculate v(-10).
-73
Let o(a) = -5*a + 26. Calculate o(-12).
86
Let n(g) = -g**3 - 15*g**2 + 37*g + 15. What is n(-17)?
-36
Let d(w) = 1513*w + 1508. Give d(-1).
-5
Let h(w) = w**2 - 44*w + 482. Give h(23).
-1
Let f(q) = -2*q**3 - 24*q**2 + 27*q + 324. Give f(-14).
730
Let x(n) = 37*n + 102. What is x(-5)?
-83
Let p(h) = -12*h**2 - 13*h - 21. What is p(-4)?
-161
Let z(s) = -s**3 + 29*s**2 + 2*s - 61. Determine z(29).
-3
Let z(n) = n**3 + 52*n**2 - 210*n + 771. Calculate z(-56).
-13
Let p(r) = -r**2 + 57*r + 2845. What is p(-32)?
-3
Let o(g) = -50*g - 460. What is o(-10)?
40
Let d(u) = -3737*u - 3730. Determine d(-1).
7
Let k(z) = 202*z**3 + 13*z**2 + 28*z + 16. What is k(-1)?
-201
Let l(b) = b**3 + 19*b**2 + 76*b + 64. Calculate l(-11).
196
Let t(b) = -b**3 - 13*b**2 - 18*b + 53. Give t(-11).
9
Let x(o) = -9*o**2 - 415*o - 141. What is x(-46)?
-95
Let r(t) = 2*t**2 - 245*t + 486. Calculate r(2).
4
Let o(f) = -9*f**3 + 99*f**2 - 10. Determine o(11).
-10
Let x(q) = -144*q - 699. Calculate x(-5).
21
Let d(q) = 462*q**2 + 42*q + 41. Determine d(-1).
461
Let u(f) = -94*f + 1159. Calculate u(12).
31
Let v(u) = 122*u**2 - 2566*u + 61. What is v(21)?
-23
Let y(h) = 189*h + 33607. Calculate y(-178).
-35
Let m(j) = 2*j**3 - 6*j**2 + 5*j - 8. Calculate m(6).
238
Let h(p) = -169*p - 5451. Determine h(-32).
-43
Let o(p) = 4*p - 30. What is o(3)?
-18
Let f(s) = -3*s**2 - 98*s - 757. Determine f(-20).
3
Let m(u) = u**3 + 37*u**2 - 94*u - 3545. Calculate m(-37).
-67
Let g(t) = -86*t - 245. Determine g(-8).
443
Let x(p) = -12*p + 64. Determine x(9).
-44
Let d(g) = 54027*g + 270136. Give d(-5).
1
Let j(v) = -9*v**2 + 73*v + 41. Give j(8).
49
Let w(p) = 4*p - 165. What is w(4)?
-149
Let t(r) = -29*r**2 + 195*r + 305. Give t(8).
9
Let p(d) = 4*d**2 - 49*d + 82. Determine p(15).
247
Let s(d) = -9*d**2 - 9*d + 19. What is s(-4)?
-89
Let w(l) = -l**2 - 86*l - 1567. Determine w(-26).
-7
Let h(z) = z**3 - 142*z**2 + 1324*z - 5. Calculate h(10).
35
Let o(j) = -11*j**3 + 5*j**2 + 6*j + 12. Calculate o(-4).
772
Let m(f) = f**3 - 44*f**2 - 471*f - 82. Give m(53).
236
Let t(k) = -k**3 + 8*k**2 + 20*k - 192. Give t(7).
-3
Let j(z) = -z**3 + 12*z**2 - 6*z + 92. Give j(12).
20
Let n(m) = 6*m**2 - 115*m + 8. What is n(18)?
-118
Let h(f) = -27*f - 250. What is h(-10)?
20
Let s(t) = -47*t - 6. Determine s(4).
-194
Let b(y) = 13*y**2 + 21*y - 8. What is b(-7)?
482
Let i(t) = 349*t - 18834. Determine i(54).
12
Let x(s) = 4*s**3 - 5*s**2 + 605*s + 1213. Give x(-2).
-49
Let t(i) = -i**3 - 205*i**2 - 9637*i - 70. What is t(-73)?
3
Let d(v) = -57*v**2 - 285*v - 14. Determine d(-5).
-14
Let l(k) = 3*k**2 + 92*k - 143. Calculate l(-32).
-15
Let z(c) = 105*c**2 + 1890*c - 24. Calculate z(-18).
-24
Let q(c) = -20*c**3 + 163*c**2 - 25*c + 8. Calculate q(8).
0
Let i(g) = 51*g**2 + 36*g - 47. Determine i(-1).
-32
Let k(o) = 2*o**3 + 5*o**2 - 29*o - 21. Determine k(4).
71
Let i(t) = 14*t - 146. Determine i(9).
-20
Let i(t) = t**3 - 42*t**2 - 5*t + 263. Calculate i(42).
53
Let p(m) = 6*m**2 - 14*m + 22. Give p(-6).
322
Let c(a) = -a**2 + 21*a - 75. Determine c(4).
-7
Let p(j) = 360*j - 6482. Give p(18).
-2
Let y(o) = 11*o + 126. Determine y(8).
214
Let q(s) = -s**3 + 33*s**2 - 22*s + 728. What is q(33)?
2
Let y(g) = -2*g**2 - 69*g + 629. Determine y(-42).
-1
Let y(r) = 4*r**2 - 172*r - 935. What is y(-5)?
25
Let m(g) = -44*g - 1976. Determine m(-45).
4
Let v(x) = 5522*x - 33137. Give v(6).
-5
Let s(j) = j**3 - 4*j**2 - 7*j + 14. Determine s(5).
4
Let i(m) = -m**2 - 3*m + 22. Calculate i(6).
-32
Let s(t) = 3*t**2 + 33*t + 128. Calculate s(-10).
98
Let w(i) = 25766*i + 231902. Calculate w(-9).
8
Let c(d) = d**3 + 11*d**2 - 58*d - 192. Determine c(-13).
224
Let j(s) = 1240*s + 16102. Calculate j(-13).
-18
Let b(o) = 8384*o + 75448. What is b(-9)?
-8
Let z(b) = -b**3 + 45*b**2 - 89*b + 143. What is z(43)?
14
Let a(w) = -1003*w - 4852. Determine a(-5).
163
Let n(y) = -88*y + 349. Calculate n(8).
-355
Let y(c) = -5*c**2 - 34*c + 229. What is y(4)?
13
Let q(h) = -h**3 - 12*h**2 - 31*h - 190. Calculate q(-11).
30
Let x(p) = -2*p**3 + 26*p**2 + 176*p + 51. Give x(-5).
71
Let s(p) = -1005*p + 6020. What is s(6)?
-10
Let j(d) = 4*d**2 + 443*d - 1770. What is j(4)?
66
Let s(l) = -l + 8. Calculate s(-67).
75
Let t(x) = -19*x**2 - 1101*x + 63. Determine t(-58).
5
Let o(s) = -2*s**3 - 192*s**2 + 204*s + 913. Ca